- 515*y + 2256. Determine i(-90).
6
Let s(u) = -u**2 + 2187*u + 125503. Calculate s(-56).
-105
Let b(n) = 70*n**2 + 1135*n - 908. Determine b(-17).
27
Let x(f) = 605*f - 1226. Give x(2).
-16
Let z(g) = -2574*g**2 - 2991*g + 2992. Give z(1).
-2573
Let i(b) = -6*b**3 + 52*b**2 + 54*b - 398. Determine i(7).
470
Let o(z) = -4*z**3 + 210*z**2 - 2435*z - 2749. Give o(34).
5
Let u(t) = 1336*t - 604025. Calculate u(452).
-153
Let s(p) = 67*p**2 - 605*p + 540. Determine s(8).
-12
Let r(z) = -z**3 - 21*z**2 - 3*z + 195. Give r(-19).
-470
Let f(q) = -q**2 - 859*q - 52327. Determine f(-66).
11
Let d(u) = 5838*u + 42721. What is d(-7)?
1855
Let n(q) = 2*q**2 - 185*q + 3828. Give n(19).
1035
Let i(c) = 9774*c - 1055573. Give i(108).
19
Let s(v) = -240*v**2 + 10541*v - 9500. Calculate s(43).
3
Let c(d) = -16373*d - 229162. Calculate c(-14).
60
Let z(s) = -251*s**3 - 27111*s**2 - 327*s - 295. Calculate z(-108).
29
Let i(u) = -202*u**2 + 24041*u - 360. Give i(119).
-3
Let x(z) = -377*z - 53685. What is x(-145)?
980
Let x(p) = p**3 - 25*p**2 - 23*p + 1297. Calculate x(21).
-950
Let o(t) = t**2 + 367*t + 5328. Determine o(-15).
48
Let z(g) = 44*g**3 + 8669*g - 17329. Calculate z(2).
361
Let t(i) = -24*i**2 - 5395*i + 6535. What is t(-226)?
-19
Let u(c) = -159699*c + 5. Calculate u(0).
5
Let u(l) = l**3 - 10*l**2 - 699*l - 51. What is u(32)?
109
Let r(z) = 3*z**2 - 101*z - 2247. Calculate r(-16).
137
Let b(c) = 56209*c + 14501955. Calculate b(-258).
33
Let l(j) = -26*j**3 - 678*j + 677. Give l(1).
-27
Let k(p) = 16*p**3 + 525*p - 525. Determine k(1).
16
Let q(k) = 2*k**3 - 13*k**2 + 4548*k - 49619. What is q(11)?
1498
Let j(q) = q**2 + 110*q + 1223. Calculate j(-54).
-1801
Let o(l) = l**2 - 1819*l + 216411. Give o(128).
-37
Let d(f) = 45*f**2 - 1914*f - 120. Determine d(43).
783
Let u(b) = 5684*b - 193244. Determine u(34).
12
Let r(l) = 1519*l - 329675. Determine r(217).
-52
Let t(l) = 162360*l + 3247185. Calculate t(-20).
-15
Let q(y) = y**3 - 85*y**2 + 150*y + 14043. Calculate q(81).
-51
Let r(c) = 10939*c - 3019191. Give r(276).
-27
Let o(s) = 16632*s - 166248. What is o(10)?
72
Let q(x) = 35*x**2 + 1352*x + 12694. Calculate q(-16).
22
Let u(k) = 4*k**2 + 524*k - 10690. Calculate u(18).
38
Let f(z) = 2270*z + 9563. Calculate f(-4).
483
Let g(u) = 482*u**2 + 545*u + 153. Calculate g(-1).
90
Let j(f) = f**2 + 836*f - 52725. Determine j(59).
80
Let g(v) = 3*v**2 + 116*v + 3361. Give g(-34).
2885
Let d(h) = -3*h**3 - 112*h**2 - 14*h + 4687. Give d(-36).
7
Let u(f) = 69*f**2 + 30*f - 18. What is u(-4)?
966
Let j(b) = 13*b**2 - 143*b - 1537. Give j(-7).
101
Let t(h) = 16*h**3 + 3373*h**2 - 4031*h - 588. Calculate t(-212).
48
Let x(u) = 537*u - 33268. What is x(62)?
26
Let z(d) = -18*d**2 - 214*d - 273. What is z(-4)?
295
Let v(i) = i**3 + 11*i**2 + 2465*i + 19560. Determine v(-8).
32
Let g(z) = -3295*z - 471180. Give g(-143).
5
Let z(j) = -3*j**3 - j**2 - 1615*j - 4857. Determine z(-3).
60
Let z(k) = 4*k**3 - 170*k**2 + 239*k + 58. Calculate z(41).
-229
Let n(o) = o**2 - 12392*o - 1514064. Calculate n(-121).
9
Let b(g) = -g**2 - 2307*g - 77284. What is b(-34)?
-2
Let m(g) = 10*g**2 - 421*g - 1104. Calculate m(48).
1728
Let s(y) = -y**2 - 28*y + 19836. Determine s(128).
-132
Let k(h) = -2968*h + 27927. Calculate k(10).
-1753
Let h(p) = 9*p**2 - 1995*p + 36297. Calculate h(20).
-3
Let b(i) = -i**3 - 14*i**2 + 291*i + 3780. Determine b(-19).
56
Let j(p) = p**3 + 333*p**2 + 2155*p + 22. Determine j(-7).
911
Let q(a) = 31*a**2 - 3314*a + 3288. What is q(1)?
5
Let b(x) = 2*x**2 - 607*x + 2185. Calculate b(0).
2185
Let w(j) = 2*j**3 + 91*j**2 - 230*j - 191. Give w(-48).
-671
Let s(r) = 2*r**3 + 17*r**2 - 21209*r - 190803. Calculate s(-9).
-3
Let c(p) = -p**3 + 64*p**2 + 561*p + 7016. Give c(73).
8
Let u(n) = 82*n**2 - 1124*n + 739. Give u(13).
-15
Let m(t) = -6*t**3 - 10*t**2 - 48*t + 235. Determine m(3).
-161
Let f(i) = -119*i**2 + 7388*i - 647. Give f(62).
-27
Let h(b) = 653*b + 229270. Determine h(-351).
67
Let x(s) = -784*s**2 + 806743*s - 7201. What is x(1029)?
2
Let y(d) = d**2 + 363*d + 16868. Determine y(-300).
-2032
Let l(r) = -r**3 - 24*r**2 - 121*r - 29. Determine l(-13).
-315
Let o(d) = -144140*d + 2306277. Give o(16).
37
Let r(x) = -517*x - 4150. Give r(-8).
-14
Let o(p) = -p**2 + 5013*p - 50049. Determine o(10).
-19
Let b(k) = -2662*k + 236949. What is b(89)?
31
Let h(f) = -170*f - 14293. Give h(-85).
157
Let v(h) = 188*h**2 + 3124*h - 1232. Give v(-17).
-8
Let j(q) = -105*q**2 - 10263*q + 41055. Determine j(4).
-1677
Let v(q) = -10*q**2 + 394*q + 235. Give v(40).
-5
Let l(n) = -3*n**3 - 74*n**2 - 17*n + 719. What is l(-24)?
-25
Let i(n) = -n**3 + 265*n**2 + 2354*n - 1004. Give i(-9).
4
Let d(v) = 2480981*v + 29771761. What is d(-12)?
-11
Let g(t) = 7*t**2 + 4875*t - 9769. What is g(2)?
9
Let f(i) = -13283*i**2 - 79703*i - 32. Give f(-6).
-2
Let b(i) = 288471*i + 4904010. Calculate b(-17).
3
Let k(v) = 3*v**3 + 43*v**2 - 7683*v - 128305. What is k(-17)?
-6
Let l(y) = y**3 + 13*y**2 + 274*y + 5877. Calculate l(-17).
63
Let v(h) = 257563*h + 257363. What is v(-1)?
-200
Let t(g) = g**2 + 2772*g + 795283. What is t(-325)?
8
Let o(q) = 2*q**3 - 265*q**2 - 801*q + 22. Determine o(-3).
-14
Let p(q) = -2*q**2 + 183*q + 12563. What is p(139)?
-642
Let x(r) = -r**3 - 38*r**2 + 2509*r - 6. Determine x(0).
-6
Let p(s) = -6*s**2 - 998*s - 29821. Determine p(-39).
-25
Let j(v) = 4*v**3 + 359*v**2 - 89*v + 64. What is j(-90)?
-26
Let i(b) = -945*b + 5669. Give i(6).
-1
Let v(i) = -i**2 + 6188*i - 811239. Calculate v(134).
-3
Let q(f) = 50*f**3 - 9*f**2 + 56*f + 210. What is q(-3)?
-1389
Let f(n) = -4153*n + 20868. Calculate f(5).
103
Let b(i) = -112*i**2 - 4*i - 16. What is b(-3)?
-1012
Let s(m) = m**2 + 2794*m + 49943. Calculate s(-18).
-25
Let z(c) = -c**3 + 34*c**2 + 547*c - 19974. What is z(30)?
36
Let y(a) = -3*a**3 + 1372*a**2 + 196770*a - 1155. Give y(572).
-11
Let j(f) = 43*f**2 + 28717*f - 4710. Calculate j(-668).
-34
Let y(u) = u**3 - 14*u**2 - 149*u - 29. Give y(-7).
-15
Let f(x) = x**3 - 12*x**2 - 72*x + 93. What is f(17)?
314
Let u(l) = -21301*l - 106580. What is u(-5)?
-75
Let t(n) = -n**3 + 15*n**2 + 537*n + 1874. Calculate t(33).
-7
Let s(x) = 2*x**3 + 172*x**2 - 557*x - 2083. Calculate s(-89).
-36
Let y(h) = -9*h**3 - 1150*h**2 + 7490*h - 1876. What is y(-134)?
0
Let i(x) = -232*x - 100709. Give i(-434).
-21
Let n(v) = -v**3 + 236*v**2 - 7826*v - 136. Determine n(196).
2608
Let h(b) = -3*b**3 - 28*b**2 - 488*b - 3365. Give h(-7).
-292
Let u(n) = -2*n**2 - 4843*n - 129309. Determine u(-27).
-6
Let t(y) = -y**3 - 526*y**2 - 16269*y + 8. Determine t(-33).
8
Let s(n) = -27*n**2 - 1717*n + 72. Determine s(-64).
-632
Let i(c) = -7*c**3 + 529*c**2 - 297*c - 62. Determine i(75).
163
Let s(k) = -479246*k - 16773631. Give s(-35).
-21
Let a(t) = -433*t**3 + 24*t**2 + 38*t - 31. What is a(-2)?
3453
Let t(d) = d**2 + 1520*d - 418423. What is t(238)?
-19
Let z(t) = 5152*t - 2843907. Determine z(552).
-3
Let b(z) = -9*z**2 + 155*z - 906. Calculate b(15).
-606
Let v(m) = -458*m - 7899. Give v(-25).
3551
Let c(x) = -x**3 - 84*x**2 - 1543*x + 1411. Give c(-56).
11
Let j(y) = 2*y**2 - 3218*y - 85013. What is j(-26)?
7
Let o(c) = -1014*c**2 + 12170*c - 9. Give o(12).
15
Let s(t) = -27*t**3 + 10*t**2 - 28*t - 2. Calculate s(3).
-725
Let s(h) = -3854*h**2 - 458624*h + 153. What is s(-119)?
-85
Let c(a) = 1067450*a - 52305054. Calculate c(49).
-4
Let w(m) = -4033*m + 105409. Determine w(27).
-3482
Let n(y) = -1422*y - 1090675. Give n(-767).
-1
Let h(c) = c**3 + 14*c**2 + 103*c - 38. Calculate h(-6).
-368
Let f(o) = -o**2 - 123*o - 2211. Give f(-100).
89
Let y(n) = -3*n**2 - 163*n - 1214. Give y(-7).
-220
Let q(z) = -z**2 + 5551*z - 196. What is q(0)?
-196
Let x(v) = 14839*v + 2878763. Determine x(-194).
-3
Let h(u) = 166*u + 7249. Calculate h(-45).
-221
Let g(d) = 1578*d - 923131. What is g(585)?
-1
Let a(w) = -634*w + 68526. Determine a(108).
54
Let s(w) = 446*w + 43715. Calculate s(-98).
7
Let g(h) = -h**2 - 102*h - 2608. Calculate g(-46).
-32
Let p(i) = -i**2 + 431*i + 367638. Give p(-428).
-14
Let h(p) = p**3 + 167*p**2 + 165*p - 1023. Determine h(-166).
-857
Let b(h) = -22*h**3 - 90*h**2 - 60*h - 183. Calculate b(-4).
25
Let s(y) = -39*y**2 + 20*y - 252. Give s(-12).
-6